{"id":1426,"date":"2022-08-11T12:58:11","date_gmt":"2022-08-11T12:58:11","guid":{"rendered":"https:\/\/www.alpsdentalclinic.com\/?page_id=1426"},"modified":"2022-08-11T13:01:01","modified_gmt":"2022-08-11T13:01:01","slug":"muratpasa-branch","status":"publish","type":"page","link":"https:\/\/www.alpsdentalclinic.com\/index.php\/muratpasa-branch\/","title":{"rendered":"MURATPASA BRANCH"},"content":{"rendered":"\t\t<div data-elementor-type=\"wp-page\" data-elementor-id=\"1426\" class=\"elementor elementor-1426\" data-elementor-settings=\"[]\">\n\t\t\t<div class=\"elementor-inner\">\n\t\t\t\t<div class=\"elementor-section-wrap\">\n\t\t\t\t\t\t\t<section class=\"elementor-element elementor-element-bcd7f95 elementor-section-boxed elementor-section-height-default elementor-section-height-default elementor-section elementor-top-section\" data-id=\"bcd7f95\" data-element_type=\"section\">\n\t\t\t\t\t\t<div class=\"elementor-container elementor-column-gap-thegem\">\n\t\t\t\t<div class=\"elementor-row\">\n\t\t\t\t<div class=\"elementor-element elementor-element-ef4b443 elementor-column elementor-col-50 elementor-top-column\" data-id=\"ef4b443\" data-element_type=\"column\">\n\t\t\t<div class=\"elementor-column-wrap  elementor-element-populated\">\n\t\t\t\t\t<div class=\"elementor-widget-wrap\">\n\t\t\t\t<div class=\"elementor-element elementor-element-aeddf9f elementor-widget elementor-widget-heading\" data-id=\"aeddf9f\" data-element_type=\"widget\" data-widget_type=\"heading.default\">\n\t\t\t\t<div class=\"elementor-widget-container\">\n\t\t\t<h5 class=\"elementor-heading-title elementor-size-default\">MURATPASA BRANCH<\/h5>\t\t<\/div>\n\t\t\t\t<\/div>\n\t\t\t\t<div class=\"elementor-element elementor-element-4b4bf4b elementor-widget__width-initial elementor-icon-list--layout-traditional elementor-widget elementor-widget-icon-list\" data-id=\"4b4bf4b\" data-element_type=\"widget\" data-widget_type=\"icon-list.default\">\n\t\t\t\t<div class=\"elementor-widget-container\">\n\t\t\t\t\t<ul class=\"elementor-icon-list-items\">\n\t\t\t\t\t\t\t<li class=\"elementor-icon-list-item\" >\n\t\t\t\t\t\t\t\t\t\t\t<span class=\"elementor-icon-list-icon\">\n\t\t\t\t\t\t\t<i aria-hidden=\"true\" class=\"gem-mdi mdi-map-marker\"><\/i>\t\t\t\t\t\t<\/span>\n\t\t\t\t\t\t\t\t\t\t<span class=\"elementor-icon-list-text\">Address:<\/span>\n\t\t\t\t\t\t\t\t\t<\/li>\n\t\t\t\t\t\t\t\t<li class=\"elementor-icon-list-item\" >\n\t\t\t\t\t\t\t\t\t\t<span class=\"elementor-icon-list-text\">Fener mah. 1971 sok. Bulvar Lara 27E   Muratpa\u015fa\/ANTALYA<\/span>\n\t\t\t\t\t\t\t\t\t<\/li>\n\t\t\t\t\t\t<\/ul>\n\t\t\t\t<\/div>\n\t\t\t\t<\/div>\n\t\t\t\t<section class=\"elementor-element elementor-element-96944ed elementor-section-full_width elementor-section-height-default elementor-section-height-default elementor-section elementor-inner-section\" data-id=\"96944ed\" data-element_type=\"section\">\n\t\t\t\t\t\t<div class=\"elementor-container elementor-column-gap-no\">\n\t\t\t\t<div class=\"elementor-row\">\n\t\t\t\t<div class=\"elementor-element elementor-element-ac12ceb elementor-column elementor-col-100 elementor-inner-column\" data-id=\"ac12ceb\" data-element_type=\"column\">\n\t\t\t<div class=\"elementor-column-wrap  elementor-element-populated\">\n\t\t\t\t\t<div class=\"elementor-widget-wrap\">\n\t\t\t\t<div class=\"elementor-element elementor-element-92f70dd elementor-widget__width-auto elementor-widget elementor-widget-thegem-icon\" data-id=\"92f70dd\" data-element_type=\"widget\" data-settings=\"{&quot;thegem_elementor_preset&quot;:&quot;default&quot;}\" data-widget_type=\"thegem-icon.default\">\n\t\t\t\t<div class=\"elementor-widget-container\">\n\t\t\t\t\t\t\t<div class=\"centered-box icon-inline-position\">\n\n\t\t\t\t<a >\n\n\t\t\t\t<div class=\"gem-icon gem-icon-pack-fontawesome gem-icon-size-small  gem-icon-shape-default \">\n\n\t\t\t\t\t\n\t\t\t\t\n\t\t\t\t<div class=\"gem-icon-inner\">\t\t\t\t\n\n\t\t\t\t\n\t\t\t\t\t\t\t\t\t\t\n\t\t\t\t\t<div class=\"padding-box-inner\">\t\n\t\t\t\t\t\t\t\t\t\t\t\n\n\n\t\t\t\t\t\n\t\t\t\t\t<span class=\"gem-icon-half-1\"><span class=\"back-angle\">\n\t\t\t\t\t<i aria-hidden=\"true\" class=\"gem-mdi mdi-phone\"><\/i>\t\t\t\t\t<\/span><\/span>\n\t\t\t\t\t<span class=\"gem-icon-half-2\"><span class=\"back-angle\">\n\t\t\t\t\t<i aria-hidden=\"true\" class=\"gem-mdi mdi-phone\"><\/i>\t\t\t\t\t<\/span><\/span>\t\n\t\t\t\t\n\t\t\t\t<\/div>\t\t\t\t\n\n\t\t\t\t\t\t\t\t\t\n\n\t\t\t\t\t\t\t\t\t\t\n\t\t\t\t\t<\/div>\n\t\t\t\t\t\t\t\t\t\n\n\t\t\t\t<\/div>\n\n\t\t\t\t<\/a>\n\n\t\t\t\t<\/div>\n\t\t\t\t\t<\/div>\n\t\t\t\t<\/div>\n\t\t\t\t<div class=\"elementor-element elementor-element-47e6724 elementor-widget__width-auto elementor-widget elementor-widget-text-editor\" data-id=\"47e6724\" data-element_type=\"widget\" data-widget_type=\"text-editor.default\">\n\t\t\t\t<div class=\"elementor-widget-container\">\n\t\t\t\t\t<div class=\"elementor-text-editor elementor-clearfix\"><p>Phone:\u00a0+90 507 620 08 75<\/p><\/div>\n\t\t\t\t<\/div>\n\t\t\t\t<\/div>\n\t\t\t\t\t\t<\/div>\n\t\t\t<\/div>\n\t\t<\/div>\n\t\t\t\t\t\t<\/div>\n\t\t\t<\/div>\n\t\t<\/section>\n\t\t\t\t<div class=\"elementor-element elementor-element-3f0575e elementor-widget__width-initial elementor-icon-list--layout-traditional elementor-widget elementor-widget-icon-list\" data-id=\"3f0575e\" data-element_type=\"widget\" data-widget_type=\"icon-list.default\">\n\t\t\t\t<div class=\"elementor-widget-container\">\n\t\t\t\t\t<ul class=\"elementor-icon-list-items\">\n\t\t\t\t\t\t\t<li class=\"elementor-icon-list-item\" >\n\t\t\t\t\t\t\t\t\t\t\t<span class=\"elementor-icon-list-icon\">\n\t\t\t\t\t\t\t<i aria-hidden=\"true\" class=\"gem-elegant icon-menu-square-alt2\"><\/i>\t\t\t\t\t\t<\/span>\n\t\t\t\t\t\t\t\t\t\t<span class=\"elementor-icon-list-text\">Fax:<\/span>\n\t\t\t\t\t\t\t\t\t<\/li>\n\t\t\t\t\t\t<\/ul>\n\t\t\t\t<\/div>\n\t\t\t\t<\/div>\n\t\t\t\t<section class=\"elementor-element elementor-element-d18a607 elementor-section-full_width elementor-section-height-default elementor-section-height-default elementor-section elementor-inner-section\" data-id=\"d18a607\" data-element_type=\"section\">\n\t\t\t\t\t\t<div class=\"elementor-container elementor-column-gap-no\">\n\t\t\t\t<div class=\"elementor-row\">\n\t\t\t\t<div class=\"elementor-element elementor-element-97837d6 elementor-column elementor-col-100 elementor-inner-column\" data-id=\"97837d6\" data-element_type=\"column\">\n\t\t\t<div class=\"elementor-column-wrap  elementor-element-populated\">\n\t\t\t\t\t<div class=\"elementor-widget-wrap\">\n\t\t\t\t<div class=\"elementor-element elementor-element-08bac1d elementor-widget__width-auto elementor-widget elementor-widget-thegem-icon\" data-id=\"08bac1d\" data-element_type=\"widget\" data-settings=\"{&quot;thegem_elementor_preset&quot;:&quot;default&quot;}\" data-widget_type=\"thegem-icon.default\">\n\t\t\t\t<div class=\"elementor-widget-container\">\n\t\t\t\t\t\t\t<div class=\"centered-box icon-inline-position\">\n\n\t\t\t\t<a >\n\n\t\t\t\t<div class=\"gem-icon gem-icon-pack-fontawesome gem-icon-size-small  gem-icon-shape-default \">\n\n\t\t\t\t\t\n\t\t\t\t\n\t\t\t\t<div class=\"gem-icon-inner\">\t\t\t\t\n\n\t\t\t\t\n\t\t\t\t\t\t\t\t\t\t\n\t\t\t\t\t<div class=\"padding-box-inner\">\t\n\t\t\t\t\t\t\t\t\t\t\t\n\n\n\t\t\t\t\t\n\t\t\t\t\t<span class=\"gem-icon-half-1\"><span class=\"back-angle\">\n\t\t\t\t\t<i aria-hidden=\"true\" class=\"gem-elegant icon-mail-alt\"><\/i>\t\t\t\t\t<\/span><\/span>\n\t\t\t\t\t<span class=\"gem-icon-half-2\"><span class=\"back-angle\">\n\t\t\t\t\t<i aria-hidden=\"true\" class=\"gem-elegant icon-mail-alt\"><\/i>\t\t\t\t\t<\/span><\/span>\t\n\t\t\t\t\n\t\t\t\t<\/div>\t\t\t\t\n\n\t\t\t\t\t\t\t\t\t\n\n\t\t\t\t\t\t\t\t\t\t\n\t\t\t\t\t<\/div>\n\t\t\t\t\t\t\t\t\t\n\n\t\t\t\t<\/div>\n\n\t\t\t\t<\/a>\n\n\t\t\t\t<\/div>\n\t\t\t\t\t<\/div>\n\t\t\t\t<\/div>\n\t\t\t\t<div class=\"elementor-element elementor-element-c6a4311 elementor-widget__width-auto elementor-widget elementor-widget-text-editor\" data-id=\"c6a4311\" data-element_type=\"widget\" data-widget_type=\"text-editor.default\">\n\t\t\t\t<div class=\"elementor-widget-container\">\n\t\t\t\t\t<div class=\"elementor-text-editor elementor-clearfix\"><p>Email:\u00a0<a href=\"info@alpsdentalclinic.com\">info@alpsdentalclinic.com<\/a><\/p><\/div>\n\t\t\t\t<\/div>\n\t\t\t\t<\/div>\n\t\t\t\t\t\t<\/div>\n\t\t\t<\/div>\n\t\t<\/div>\n\t\t\t\t\t\t<\/div>\n\t\t\t<\/div>\n\t\t<\/section>\n\t\t\t\t<section class=\"elementor-element elementor-element-638be25 elementor-section-full_width elementor-section-height-default elementor-section-height-default elementor-section elementor-inner-section\" data-id=\"638be25\" data-element_type=\"section\">\n\t\t\t\t\t\t<div class=\"elementor-container elementor-column-gap-no\">\n\t\t\t\t<div class=\"elementor-row\">\n\t\t\t\t<div class=\"elementor-element elementor-element-2379218 elementor-column elementor-col-100 elementor-inner-column\" data-id=\"2379218\" data-element_type=\"column\">\n\t\t\t<div class=\"elementor-column-wrap  elementor-element-populated\">\n\t\t\t\t\t<div class=\"elementor-widget-wrap\">\n\t\t\t\t<div class=\"elementor-element elementor-element-cdfc588 elementor-widget__width-auto elementor-widget elementor-widget-thegem-icon\" data-id=\"cdfc588\" data-element_type=\"widget\" data-settings=\"{&quot;thegem_elementor_preset&quot;:&quot;default&quot;}\" data-widget_type=\"thegem-icon.default\">\n\t\t\t\t<div class=\"elementor-widget-container\">\n\t\t\t\t\t\t\t<div class=\"centered-box icon-inline-position\">\n\n\t\t\t\t<a >\n\n\t\t\t\t<div class=\"gem-icon gem-icon-pack-fontawesome gem-icon-size-small  gem-icon-shape-default \">\n\n\t\t\t\t\t\n\t\t\t\t\n\t\t\t\t<div class=\"gem-icon-inner\">\t\t\t\t\n\n\t\t\t\t\n\t\t\t\t\t\t\t\t\t\t\n\t\t\t\t\t<div class=\"padding-box-inner\">\t\n\t\t\t\t\t\t\t\t\t\t\t\n\n\n\t\t\t\t\t\n\t\t\t\t\t<span class=\"gem-icon-half-1\"><span class=\"back-angle\">\n\t\t\t\t\t<i aria-hidden=\"true\" class=\"gem-elegant icon-globe-2\"><\/i>\t\t\t\t\t<\/span><\/span>\n\t\t\t\t\t<span class=\"gem-icon-half-2\"><span class=\"back-angle\">\n\t\t\t\t\t<i aria-hidden=\"true\" class=\"gem-elegant icon-globe-2\"><\/i>\t\t\t\t\t<\/span><\/span>\t\n\t\t\t\t\n\t\t\t\t<\/div>\t\t\t\t\n\n\t\t\t\t\t\t\t\t\t\n\n\t\t\t\t\t\t\t\t\t\t\n\t\t\t\t\t<\/div>\n\t\t\t\t\t\t\t\t\t\n\n\t\t\t\t<\/div>\n\n\t\t\t\t<\/a>\n\n\t\t\t\t<\/div>\n\t\t\t\t\t<\/div>\n\t\t\t\t<\/div>\n\t\t\t\t<div class=\"elementor-element elementor-element-ff84bbc elementor-widget__width-auto elementor-widget elementor-widget-text-editor\" data-id=\"ff84bbc\" data-element_type=\"widget\" data-widget_type=\"text-editor.default\">\n\t\t\t\t<div class=\"elementor-widget-container\">\n\t\t\t\t\t<div class=\"elementor-text-editor elementor-clearfix\"><p>Website:\u00a0<a href=\"http:\/\/www.alpsdentalclinic.com\">www.alpsdentalclinic.com<\/a><\/p><\/div>\n\t\t\t\t<\/div>\n\t\t\t\t<\/div>\n\t\t\t\t\t\t<\/div>\n\t\t\t<\/div>\n\t\t<\/div>\n\t\t\t\t\t\t<\/div>\n\t\t\t<\/div>\n\t\t<\/section>\n\t\t\t\t\t\t<\/div>\n\t\t\t<\/div>\n\t\t<\/div>\n\t\t\t\t<div class=\"elementor-element elementor-element-a3b3ae1 elementor-column elementor-col-50 elementor-top-column\" data-id=\"a3b3ae1\" data-element_type=\"column\">\n\t\t\t<div class=\"elementor-column-wrap  elementor-element-populated\">\n\t\t\t\t\t<div class=\"elementor-widget-wrap\">\n\t\t\t\t<div class=\"elementor-element elementor-element-c116028 elementor-widget elementor-widget-image\" data-id=\"c116028\" data-element_type=\"widget\" data-widget_type=\"image.default\">\n\t\t\t\t<div class=\"elementor-widget-container\">\n\t\t\t\t\t<div class=\"elementor-image\">\n\t\t\t\t\t\t\t\t\t\t<img width=\"1000\" height=\"703\" src=\"https:\/\/www.alpsdentalclinic.com\/wp-content\/uploads\/2022\/08\/stc.jpg\" class=\"attachment-large size-large\" alt=\"\" srcset=\"https:\/\/www.alpsdentalclinic.com\/wp-content\/uploads\/2022\/08\/stc.jpg 1000w, https:\/\/www.alpsdentalclinic.com\/wp-content\/uploads\/2022\/08\/stc-300x211.jpg 300w, https:\/\/www.alpsdentalclinic.com\/wp-content\/uploads\/2022\/08\/stc-768x540.jpg 768w\" sizes=\"(max-width: 1000px) 100vw, 1000px\" \/>\t\t\t\t\t\t\t\t\t\t\t<\/div>\n\t\t\t\t<\/div>\n\t\t\t\t<\/div>\n\t\t\t\t\t\t<\/div>\n\t\t\t<\/div>\n\t\t<\/div>\n\t\t\t\t\t\t<\/div>\n\t\t\t<\/div>\n\t\t<\/section>\n\t\t\t\t<section class=\"elementor-element elementor-element-1c28419 elementor-section-boxed elementor-section-height-default elementor-section-height-default elementor-section elementor-top-section\" data-id=\"1c28419\" data-element_type=\"section\">\n\t\t\t\t\t\t<div class=\"elementor-container elementor-column-gap-thegem\">\n\t\t\t\t<div class=\"elementor-row\">\n\t\t\t\t<div class=\"elementor-element elementor-element-52146d0 elementor-column elementor-col-100 elementor-top-column\" data-id=\"52146d0\" data-element_type=\"column\">\n\t\t\t<div class=\"elementor-column-wrap  elementor-element-populated\">\n\t\t\t\t\t<div class=\"elementor-widget-wrap\">\n\t\t\t\t<div class=\"elementor-element elementor-element-cc9a7dc elementor-widget elementor-widget-heading\" data-id=\"cc9a7dc\" data-element_type=\"widget\" data-widget_type=\"heading.default\">\n\t\t\t\t<div class=\"elementor-widget-container\">\n\t\t\t<h5 class=\"elementor-heading-title elementor-size-default\">OUR DOCTORS<\/h5>\t\t<\/div>\n\t\t\t\t<\/div>\n\t\t\t\t<div class=\"elementor-element elementor-element-fc578cf elementor-widget elementor-widget-thegem-team\" data-id=\"fc578cf\" data-element_type=\"widget\" data-settings=\"{&quot;columns&quot;:&quot;3&quot;,&quot;content_elems_descript&quot;:&quot;yes&quot;,&quot;content_team_cat&quot;:[&quot;stc&quot;],&quot;thegem_elementor_preset&quot;:&quot;1&quot;,&quot;columns_tablet&quot;:2,&quot;columns_mobile&quot;:1,&quot;items_count&quot;:-1,&quot;content_elems_img&quot;:&quot;yes&quot;,&quot;content_elems_name&quot;:&quot;yes&quot;,&quot;content_elems_position&quot;:&quot;yes&quot;}\" data-widget_type=\"thegem-team.default\">\n\t\t\t\t<div class=\"elementor-widget-container\">\n\t\t\t\r\n\t\t\t<div class=\"row gem-team gem-team-style-1\" >\r\n\r\n\t\t\t\t<div class=\"col-md-4 col-sm-6 col-xs-12 thegem-wrap inline-column\">\r\n\r\n\t<div id=\"post-1323\" class=\"team-person centered-box default-background post-1323 thegem_team_person type-thegem_team_person status-publish has-post-thumbnail\" >\r\n\r\n\t\t\t\t\t<div class=\"team-person-image\">\r\n\t\t\t\t<span><img width=\"240\" height=\"240\" src=\"https:\/\/www.alpsdentalclinic.com\/wp-content\/uploads\/2021\/03\/WhatsApp-Image-2022-08-09-at-9.45.49-AM-thegem-person-240.jpeg\" class=\"img-responsive wp-post-image\" alt=\"WhatsApp Image 2022-08-09 at 9.45.49 AM\" srcset=\"https:\/\/www.alpsdentalclinic.com\/wp-content\/uploads\/2021\/03\/WhatsApp-Image-2022-08-09-at-9.45.49-AM-thegem-person.jpeg 2x\" sizes=\"100vw\" \/><\/span>\t\t\t<\/div>\r\n\t\t\r\n\t\t<div class=\"team-person-info\">\r\n\r\n\t\t\t\t\t\t\t<div class=\"team-person-name title-h4\" >Uzm. Dt. Tolgahan \u00c7ay\u0131r<\/div>\t\t\t\r\n\t\t\t\r\n\t\t\t\t\t\t\t<div class=\"team-person-description\"><p>Born in 1992 in Antalya, Dentist Tolgahan \u00c7ay\u0131r, completed the Faculty of Dentistry of Suleyman Demirel in 2008. Right after, he started his doctorate program in the Department of Oral &amp; Maxillofacial Sungery in the Faculty of Dentistry of Necmettin Erbakan University in the same year. He is working at Alp&#8217;s Dental Clinic since 2021.<\/p>\n<\/div>\r\n\t\t\t\r\n\t\t\t\r\n\t\t\t\r\n\t\t<\/div>\r\n\r\n\t\t\r\n\t\t\r\n\t<\/div>\r\n\r\n<\/div><div class=\"col-md-4 col-sm-6 col-xs-12 thegem-wrap inline-column\">\r\n\r\n\t<div id=\"post-1405\" class=\"team-person centered-box default-background post-1405 thegem_team_person type-thegem_team_person status-publish has-post-thumbnail\" >\r\n\r\n\t\t\t\t\t<div class=\"team-person-image\">\r\n\t\t\t\t<span><img width=\"240\" height=\"240\" src=\"https:\/\/www.alpsdentalclinic.com\/wp-content\/uploads\/2022\/08\/WhatsApp-Image-2022-08-09-at-9.45.49-AM-1-thegem-person-240.jpeg\" class=\"img-responsive wp-post-image\" alt=\"WhatsApp Image 2022-08-09 at 9.45.49 AM (1)\" srcset=\"https:\/\/www.alpsdentalclinic.com\/wp-content\/uploads\/2022\/08\/WhatsApp-Image-2022-08-09-at-9.45.49-AM-1-thegem-person.jpeg 2x\" sizes=\"100vw\" \/><\/span>\t\t\t<\/div>\r\n\t\t\r\n\t\t<div class=\"team-person-info\">\r\n\r\n\t\t\t\t\t\t\t<div class=\"team-person-name title-h4\" >Uzm. Dt. G\u00fcl\u015fah \u0130\u00e7en<\/div>\t\t\t\r\n\t\t\t\r\n\t\t\t\t\t\t\t<div class=\"team-person-description\"><p>Dt, G\u00fcl\u015fah \u0130\u00e7en graduated from Erciyes University Faculty of Dentistry in 2015. She worked as a research assistant in Akdeniz University Faculty of Dentisrty between 2019 and 2022. Meanwhile, she passed the dentistry specialization exam and completed her specialization education in Akdeniz University,\u00a0 Department of Prosthodontics (Denture).<\/p>\n<\/div>\r\n\t\t\t\r\n\t\t\t\r\n\t\t\t\r\n\t\t<\/div>\r\n\r\n\t\t\r\n\t\t\r\n\t<\/div>\r\n\r\n<\/div><div class=\"col-md-4 col-sm-6 col-xs-12 thegem-wrap inline-column\">\r\n\r\n\t<div id=\"post-1407\" class=\"team-person centered-box default-background post-1407 thegem_team_person type-thegem_team_person status-publish has-post-thumbnail\" >\r\n\r\n\t\t\t\t\t<div class=\"team-person-image\">\r\n\t\t\t\t<span><img width=\"240\" height=\"240\" src=\"https:\/\/www.alpsdentalclinic.com\/wp-content\/uploads\/2022\/08\/WhatsApp-Image-2022-08-09-at-9.45.49-AM-2-thegem-person-240.jpeg\" class=\"img-responsive wp-post-image\" alt=\"WhatsApp Image 2022-08-09 at 9.45.49 AM (2)\" srcset=\"https:\/\/www.alpsdentalclinic.com\/wp-content\/uploads\/2022\/08\/WhatsApp-Image-2022-08-09-at-9.45.49-AM-2.jpeg 2x\" sizes=\"100vw\" \/><\/span>\t\t\t<\/div>\r\n\t\t\r\n\t\t<div class=\"team-person-info\">\r\n\r\n\t\t\t\t\t\t\t<div class=\"team-person-name title-h4\" >Dt. \u00dclk\u00fc P\u0131nar K\u00f6ksal Kaplan<\/div>\t\t\t\r\n\t\t\t\r\n\t\t\t\t\t\t\t<div class=\"team-person-description\"><p>Dt \u00dclk\u00fc Kaplan was born on 1983 in Ankara. She entered Hacettepe University Faculty of Dentistry in 2002 and graduated in 2007. She worked in Ankara Information Medical Center and moved to Antalya in 2011. In her 15 years professional career, she worked in various clinics in Antalya such as Prestij Dental Clinic, Serik Public Hospital, Antalya Oral and Dental Health Hospital and currently in Alp&#8217;s Dental Clinic.<\/p>\n<\/div>\r\n\t\t\t\r\n\t\t\t\r\n\t\t\t\r\n\t\t<\/div>\r\n\r\n\t\t\r\n\t\t\r\n\t<\/div>\r\n\r\n<\/div>\r\n\t\t\t<\/div>\r\n\r\n\t\t\t\t<\/div>\n\t\t\t\t<\/div>\n\t\t\t\t\t\t<\/div>\n\t\t\t<\/div>\n\t\t<\/div>\n\t\t\t\t\t\t<\/div>\n\t\t\t<\/div>\n\t\t<\/section>\n\t\t\t\t\t\t<\/div>\n\t\t\t<\/div>\n\t\t<\/div>\n\t\t","protected":false},"excerpt":{"rendered":"<p>MURATPASA BRANCH Address: Fener mah. 1971 sok. Bulvar Lara 27E Muratpa\u015fa\/ANTALYA Phone:\u00a0+90 507 620 08 75 Fax: Email:\u00a0info@alpsdentalclinic.com Website:\u00a0www.alpsdentalclinic.com OUR&#8230;<\/p>\n","protected":false},"author":1,"featured_media":0,"parent":0,"menu_order":0,"comment_status":"closed","ping_status":"closed","template":"page-fullwidth.php","meta":[],"_links":{"self":[{"href":"https:\/\/www.alpsdentalclinic.com\/index.php\/wp-json\/wp\/v2\/pages\/1426"}],"collection":[{"href":"https:\/\/www.alpsdentalclinic.com\/index.php\/wp-json\/wp\/v2\/pages"}],"about":[{"href":"https:\/\/www.alpsdentalclinic.com\/index.php\/wp-json\/wp\/v2\/types\/page"}],"author":[{"embeddable":true,"href":"https:\/\/www.alpsdentalclinic.com\/index.php\/wp-json\/wp\/v2\/users\/1"}],"replies":[{"embeddable":true,"href":"https:\/\/www.alpsdentalclinic.com\/index.php\/wp-json\/wp\/v2\/comments?post=1426"}],"version-history":[{"count":2,"href":"https:\/\/www.alpsdentalclinic.com\/index.php\/wp-json\/wp\/v2\/pages\/1426\/revisions"}],"predecessor-version":[{"id":1428,"href":"https:\/\/www.alpsdentalclinic.com\/index.php\/wp-json\/wp\/v2\/pages\/1426\/revisions\/1428"}],"wp:attachment":[{"href":"https:\/\/www.alpsdentalclinic.com\/index.php\/wp-json\/wp\/v2\/media?parent=1426"}],"curies":[{"name":"wp","href":"https:\/\/api.w.org\/{rel}","templated":true}]}}